{"id":650,"date":"2025-06-26T15:52:28","date_gmt":"2025-06-26T20:52:28","guid":{"rendered":"https:\/\/asoaliar.com\/?page_id=650"},"modified":"2025-06-26T15:59:49","modified_gmt":"2025-06-26T20:59:49","slug":"como-afiliarse-a-aliar","status":"publish","type":"page","link":"https:\/\/asoaliar.com\/index.php\/como-afiliarse-a-aliar\/","title":{"rendered":"Como Afiliarse a ALIAR"},"content":{"rendered":"\t\t<div data-elementor-type=\"wp-page\" data-elementor-id=\"650\" class=\"elementor elementor-650\" data-elementor-post-type=\"page\">\n\t\t\t\t<div class=\"elementor-element elementor-element-4488d1f e-con-full e-flex e-con e-parent\" data-id=\"4488d1f\" data-element_type=\"container\" data-settings=\"{&quot;background_background&quot;:&quot;classic&quot;}\">\n\t\t\t\t<div class=\"elementor-element elementor-element-75674c6 elementor-widget elementor-widget-heading\" data-id=\"75674c6\" data-element_type=\"widget\" data-widget_type=\"heading.default\">\n\t\t\t\t<div class=\"elementor-widget-container\">\n\t\t\t\t\t<h3 class=\"elementor-heading-title elementor-size-default\">\u00bfCOMO AFILIARSE A ALIAR?<\/h3>\t\t\t\t<\/div>\n\t\t\t\t<\/div>\n\t\t\t\t<\/div>\n\t\t<div class=\"elementor-element elementor-element-bb84142 e-con-full e-flex e-con e-parent\" data-id=\"bb84142\" data-element_type=\"container\">\n\t\t\t\t<div class=\"elementor-element elementor-element-ada6691 elementor-widget elementor-widget-text-editor\" data-id=\"ada6691\" data-element_type=\"widget\" data-widget_type=\"text-editor.default\">\n\t\t\t\t<div class=\"elementor-widget-container\">\n\t\t\t\t\t\t\t\t\t<p style=\"font-weight: 400;\"><strong>\ud83e\udd1d<\/strong><strong> \u00bfQuer\u00e9s ser parte de la Mutual? \u00a1Asociate a ALIAR!<\/strong><\/p><p style=\"font-weight: 400;\"><strong>Sumate a una comunidad que cuida, apoya y construye<\/strong><\/p><p style=\"font-weight: 400;\">En la <strong>Asociaci\u00f3n Mutual de Usuarios de Gases Aliar<\/strong>, ser asociado es m\u00e1s que un tr\u00e1mite: es formar parte de un modelo solidario que multiplica oportunidades. Es compromiso, participaci\u00f3n y respaldo en los momentos clave de la vida.<\/p><p>\u00a0<\/p><p style=\"font-weight: 400;\"><strong>\ud83d\udc65<\/strong><strong> \u00bfQui\u00e9nes pueden asociarse?<\/strong><\/p><p style=\"font-weight: 400;\">Pueden ser asociados todas las <strong>personas naturales<\/strong> o <strong>jur\u00eddicas<\/strong> que tengan v\u00ednculo con el sector de gases, hidrocarburos o actividades afines. Entre ellos:<\/p><ul style=\"font-weight: 400;\"><li>Empleados, trabajadores, exfuncionarios, pensionados y contratistas del sector.<\/li><li>Asesores y personal permanente de la Asociaci\u00f3n.<\/li><li>Usuarios de gases industriales, medicinales, farmac\u00e9uticos e hidrocarburos.<\/li><li>Familiares hasta cuarto grado de consanguinidad o afinidad de asociados actuales.<\/li><li>Personas jur\u00eddicas del sector cooperativo, solidario o sin \u00e1nimo de lucro.<\/li><\/ul><p style=\"font-weight: 400;\"><strong>\ud83d\udccb<\/strong><strong> \u00bfQu\u00e9 necesit\u00e1s para afiliarte?<\/strong><\/p><p style=\"font-weight: 400;\">\u2705 Presentar una <strong>solicitud escrita<\/strong> dirigida a la Junta Directiva.<br \/>\u2705 Realizar un <strong>curso b\u00e1sico de educaci\u00f3n mutualista<\/strong> (m\u00ednimo 10 horas) o comprometerte a hacerlo en los 6 meses siguientes.<\/p><p style=\"font-weight: 400;\">\u2705 Aportar mensualmente una <strong>cuota entre el 2% y el 10%<\/strong> de tus ingresos (salario, pensi\u00f3n o contrato).<\/p><p style=\"font-weight: 400;\">Las personas jur\u00eddicas aportan una cuota mensual seg\u00fan lo reglamentado por la Junta Directiva.<\/p><p>\u00a0<\/p><p><span style=\"font-weight: 400;\">\u00a0<\/span><strong>\u00bfDesde cu\u00e1ndo sos asociado?<\/strong><\/p><p style=\"font-weight: 400;\">Desde la fecha en que la Junta Directiva aprueba tu solicitud y cumpl\u00eds los requisitos establecidos.<\/p><p>\u00a0<\/p><p style=\"font-weight: 400;\"><strong>\ud83d\udc68<\/strong><strong>\u200d<\/strong><strong>\ud83d\udc69<\/strong><strong>\u200d<\/strong><strong>\ud83d\udc67<\/strong><strong>\u200d<\/strong><strong>\ud83d\udc66<\/strong><strong> \u00a1Inclu\u00ed a tu familia!<\/strong><\/p><p style=\"font-weight: 400;\">Tus hijos y nietos tambi\u00e9n pueden ser parte de <strong>ALIAR<\/strong>, a trav\u00e9s del <strong>Servicio Llamita<\/strong>, con tu tutor\u00eda como asociado.<\/p>\t\t\t\t\t\t\t\t<\/div>\n\t\t\t\t<\/div>\n\t\t\t\t<\/div>\n\t\t<div class=\"elementor-element elementor-element-bee7dff e-con-full e-flex e-con e-parent\" data-id=\"bee7dff\" data-element_type=\"container\">\n\t\t\t\t<div class=\"elementor-element elementor-element-585e864 elementor-widget elementor-widget-text-editor\" data-id=\"585e864\" data-element_type=\"widget\" data-widget_type=\"text-editor.default\">\n\t\t\t\t<div class=\"elementor-widget-container\">\n\t\t\t\t\t\t\t\t\t<p style=\"font-weight: 400;\"><strong>\ud83d\udcc4<\/strong><strong> Descarg\u00e1 aqu\u00ed el formato de afiliaci\u00f3n<\/strong><\/p><p style=\"font-weight: 400;\">Para iniciar tu proceso de ingreso, descarg\u00e1 el formulario y pres\u00e9ntalo diligenciado en nuestras oficinas o env\u00edalo por correo electr\u00f3nico.<\/p><p style=\"font-weight: 400;\">\ud83d\udc49 <a href=\"https:\/\/asoaliar.com\/pdf\/FORMATO-DE-AFILIACIO%CC%81N-ALIAR.pdf\" target=\"_blank\" rel=\"noopener\">[<strong>Descargar Formato de Afiliaci\u00f3n<\/strong>]<\/a><br \/>\ud83d\udc49 [Instrucciones para el env\u00edo]<\/p>\t\t\t\t\t\t\t\t<\/div>\n\t\t\t\t<\/div>\n\t\t\t\t<\/div>\n\t\t<div class=\"elementor-element elementor-element-e8b270c e-flex e-con-boxed e-con e-parent\" data-id=\"e8b270c\" data-element_type=\"container\">\n\t\t\t\t\t<div class=\"e-con-inner\">\n\t\t\t\t<div class=\"elementor-element elementor-element-4b0b9ba elementor-widget elementor-widget-text-editor\" data-id=\"4b0b9ba\" data-element_type=\"widget\" data-widget_type=\"text-editor.default\">\n\t\t\t\t<div class=\"elementor-widget-container\">\n\t\t\t\t\t\t\t\t\t<p style=\"font-weight: 400;\"><strong>\ud83d\udcf2<\/strong><strong> \u00bfQuer\u00e9s afiliarte?<\/strong><\/p><p style=\"font-weight: 400;\">Contactanos y te acompa\u00f1amos en cada paso. Formar parte de ALIAR es apostar por un modelo de bienestar colectivo, participaci\u00f3n y apoyo mutuo.<\/p><p style=\"font-weight: 400;\">\ud83d\udc49 Solicit\u00e1 tu ingreso aqu\u00ed <a href=\"mailto:servicioalasociado@asoaliar.com\">servicioalasociado@asoaliar.com<\/a> \ud83d\udcde [Habl\u00e1 con un asesor] 3229783852<\/p>\t\t\t\t\t\t\t\t<\/div>\n\t\t\t\t<\/div>\n\t\t\t\t\t<\/div>\n\t\t\t\t<\/div>\n\t\t\t\t<\/div>\n\t\t","protected":false},"excerpt":{"rendered":"<p>\u00bfCOMO AFILIARSE A ALIAR? \ud83e\udd1d \u00bfQuer\u00e9s ser parte de la Mutual? \u00a1Asociate a ALIAR! Sumate a una comunidad que cuida, apoya y construye En la Asociaci\u00f3n<span class=\"excerpt-hellip\"> [\u2026]<\/span><\/p>\n","protected":false},"author":1,"featured_media":0,"parent":0,"menu_order":0,"comment_status":"open","ping_status":"closed","template":"","meta":{"_joinchat":[],"footnotes":""},"class_list":["post-650","page","type-page","status-publish","hentry"],"_links":{"self":[{"href":"https:\/\/asoaliar.com\/index.php\/wp-json\/wp\/v2\/pages\/650","targetHints":{"allow":["GET"]}}],"collection":[{"href":"https:\/\/asoaliar.com\/index.php\/wp-json\/wp\/v2\/pages"}],"about":[{"href":"https:\/\/asoaliar.com\/index.php\/wp-json\/wp\/v2\/types\/page"}],"author":[{"embeddable":true,"href":"https:\/\/asoaliar.com\/index.php\/wp-json\/wp\/v2\/users\/1"}],"replies":[{"embeddable":true,"href":"https:\/\/asoaliar.com\/index.php\/wp-json\/wp\/v2\/comments?post=650"}],"version-history":[{"count":4,"href":"https:\/\/asoaliar.com\/index.php\/wp-json\/wp\/v2\/pages\/650\/revisions"}],"predecessor-version":[{"id":655,"href":"https:\/\/asoaliar.com\/index.php\/wp-json\/wp\/v2\/pages\/650\/revisions\/655"}],"wp:attachment":[{"href":"https:\/\/asoaliar.com\/index.php\/wp-json\/wp\/v2\/media?parent=650"}],"curies":[{"name":"wp","href":"https:\/\/api.w.org\/{rel}","templated":true}]}}