{"id":631,"date":"2025-06-26T15:30:56","date_gmt":"2025-06-26T20:30:56","guid":{"rendered":"https:\/\/asoaliar.com\/?page_id=631"},"modified":"2025-06-26T15:44:56","modified_gmt":"2025-06-26T20:44:56","slug":"estatutos-y-reglamentos","status":"publish","type":"page","link":"https:\/\/asoaliar.com\/index.php\/estatutos-y-reglamentos\/","title":{"rendered":"Estatutos Y Reglamentos"},"content":{"rendered":"\t\t<div data-elementor-type=\"wp-page\" data-elementor-id=\"631\" class=\"elementor elementor-631\" data-elementor-post-type=\"page\">\n\t\t\t\t<div class=\"elementor-element elementor-element-4488d1f e-con-full e-flex e-con e-parent\" data-id=\"4488d1f\" data-element_type=\"container\" data-settings=\"{&quot;background_background&quot;:&quot;classic&quot;}\">\n\t\t\t\t<div class=\"elementor-element elementor-element-75674c6 elementor-widget elementor-widget-heading\" data-id=\"75674c6\" data-element_type=\"widget\" data-widget_type=\"heading.default\">\n\t\t\t\t<div class=\"elementor-widget-container\">\n\t\t\t\t\t<h3 class=\"elementor-heading-title elementor-size-default\">ESTATUTOS Y REGLAMENTOS<\/h3>\t\t\t\t<\/div>\n\t\t\t\t<\/div>\n\t\t\t\t<\/div>\n\t\t<div class=\"elementor-element elementor-element-bb84142 e-con-full e-flex e-con e-parent\" data-id=\"bb84142\" data-element_type=\"container\">\n\t\t\t\t<div class=\"elementor-element elementor-element-ada6691 elementor-widget elementor-widget-text-editor\" data-id=\"ada6691\" data-element_type=\"widget\" data-widget_type=\"text-editor.default\">\n\t\t\t\t<div class=\"elementor-widget-container\">\n\t\t\t\t\t\t\t\t\t<p style=\"font-weight: 400;\"><strong>\ud83d\udcd8<\/strong><strong> \u00a1Se\u00f1or Asociado! Conozca las normas que nos fortalecen<\/strong><\/p><p style=\"font-weight: 400;\"><strong>Transparencia, confianza y compromiso mutuo<\/strong><\/p><p style=\"font-weight: 400;\">En la Asociaci\u00f3n Mutual de Usuarios de Gases Aliar creemos en una gesti\u00f3n clara, participativa y basada en principios solidarios. Por eso, ponemos a tu disposici\u00f3n los <strong>Estatutos<\/strong>, el <strong>Reglamento de Cr\u00e9dito<\/strong> y el <strong>Reglamento de Captaciones<\/strong> que rigen nuestro funcionamiento.<\/p><p style=\"font-weight: 400;\">\ud83d\udcc4 Estos documentos son la base legal y \u00e9tica de todo lo que hacemos, y garantizan que cada acci\u00f3n est\u00e9 orientada al bienestar colectivo.<\/p><p>\u00a0<\/p><p style=\"font-weight: 400;\"><strong>\ud83d\udd0d<\/strong><strong> \u00bfPor qu\u00e9 es importante conocerlos?<\/strong><\/p><p style=\"font-weight: 400;\">\u2714\ufe0f Porque te permiten ejercer tus derechos como asociado<br \/>\u2714\ufe0f Porque fortalecen la confianza y la participaci\u00f3n democr\u00e1tica<br \/>\u2714\ufe0f Porque reflejan los valores y compromisos de nuestra Mutual<br \/>\u2714\ufe0f Porque todo lo que hacemos, lo hacemos con reglas claras<\/p>\t\t\t\t\t\t\t\t<\/div>\n\t\t\t\t<\/div>\n\t\t\t\t<\/div>\n\t\t<div class=\"elementor-element elementor-element-bee7dff e-con-full e-flex e-con e-parent\" data-id=\"bee7dff\" data-element_type=\"container\">\n\t\t\t\t<div class=\"elementor-element elementor-element-585e864 elementor-widget elementor-widget-text-editor\" data-id=\"585e864\" data-element_type=\"widget\" data-widget_type=\"text-editor.default\">\n\t\t\t\t<div class=\"elementor-widget-container\">\n\t\t\t\t\t\t\t\t\t<p><b>\ud83d\udce5<\/b><b> Accede aqu\u00ed a los documentos oficiales:<\/b><\/p><p>\ud83d\udc49 <a href=\"https:\/\/asoaliar.com\/pdf\/ESTATUTOS-ALIAR.pdf\" target=\"_blank\" rel=\"noopener\">[Ver Estatutos]<\/a><br \/>\ud83d\udc49 <a href=\"https:\/\/asoaliar.com\/pdf\/REGLAMENTO-DE-CRE%CC%81DITO.pdf\" target=\"_blank\" rel=\"noopener\">[Ver Reglamento de Cr\u00e9dito]<\/a><br \/>\ud83d\udc49 [Ver Reglamento de Captaciones]<\/p>\t\t\t\t\t\t\t\t<\/div>\n\t\t\t\t<\/div>\n\t\t\t\t<\/div>\n\t\t<div class=\"elementor-element elementor-element-e8b270c e-flex e-con-boxed e-con e-parent\" data-id=\"e8b270c\" data-element_type=\"container\">\n\t\t\t\t\t<div class=\"e-con-inner\">\n\t\t\t\t<div class=\"elementor-element elementor-element-4b0b9ba elementor-widget elementor-widget-text-editor\" data-id=\"4b0b9ba\" data-element_type=\"widget\" data-widget_type=\"text-editor.default\">\n\t\t\t\t<div class=\"elementor-widget-container\">\n\t\t\t\t\t\t\t\t\t<p><b>\u00a1La transparencia es nuestra mejor garant\u00eda!<\/b><br \/>Conocer las reglas es fortalecer el camino compartido..<\/p>\t\t\t\t\t\t\t\t<\/div>\n\t\t\t\t<\/div>\n\t\t\t\t\t<\/div>\n\t\t\t\t<\/div>\n\t\t\t\t<\/div>\n\t\t","protected":false},"excerpt":{"rendered":"<p>ESTATUTOS Y REGLAMENTOS \ud83d\udcd8 \u00a1Se\u00f1or Asociado! Conozca las normas que nos fortalecen Transparencia, confianza y compromiso mutuo En la Asociaci\u00f3n Mutual de Usuarios de Gases Aliar<span class=\"excerpt-hellip\"> [\u2026]<\/span><\/p>\n","protected":false},"author":1,"featured_media":0,"parent":0,"menu_order":0,"comment_status":"open","ping_status":"closed","template":"","meta":{"_joinchat":[],"footnotes":""},"class_list":["post-631","page","type-page","status-publish","hentry"],"_links":{"self":[{"href":"https:\/\/asoaliar.com\/index.php\/wp-json\/wp\/v2\/pages\/631","targetHints":{"allow":["GET"]}}],"collection":[{"href":"https:\/\/asoaliar.com\/index.php\/wp-json\/wp\/v2\/pages"}],"about":[{"href":"https:\/\/asoaliar.com\/index.php\/wp-json\/wp\/v2\/types\/page"}],"author":[{"embeddable":true,"href":"https:\/\/asoaliar.com\/index.php\/wp-json\/wp\/v2\/users\/1"}],"replies":[{"embeddable":true,"href":"https:\/\/asoaliar.com\/index.php\/wp-json\/wp\/v2\/comments?post=631"}],"version-history":[{"count":13,"href":"https:\/\/asoaliar.com\/index.php\/wp-json\/wp\/v2\/pages\/631\/revisions"}],"predecessor-version":[{"id":645,"href":"https:\/\/asoaliar.com\/index.php\/wp-json\/wp\/v2\/pages\/631\/revisions\/645"}],"wp:attachment":[{"href":"https:\/\/asoaliar.com\/index.php\/wp-json\/wp\/v2\/media?parent=631"}],"curies":[{"name":"wp","href":"https:\/\/api.w.org\/{rel}","templated":true}]}}